mmon factor of 2982 and 242394.
426
Calculate the greatest common divisor of 449647 and 561.
11
Calculate the greatest common divisor of 15893711 and 58.
29
What is the highest common factor of 20668830 and 29154?
678
Calculate the greatest common factor of 6039003 and 96.
3
Calculate the highest common divisor of 3171044 and 13056.
68
Calculate the greatest common divisor of 13104 and 5781984.
624
What is the greatest common divisor of 513 and 42531453?
27
What is the greatest common factor of 20017443 and 16797?
1527
Calculate the highest common divisor of 630048 and 64.
32
What is the highest common factor of 46665 and 5378370?
915
What is the highest common divisor of 336 and 60219600?
336
What is the greatest common factor of 1632 and 2500734?
102
What is the greatest common divisor of 100313860 and 2?
2
What is the greatest common divisor of 51267501 and 27?
9
Calculate the highest common divisor of 12300 and 232142.
82
What is the greatest common divisor of 170771 and 3264099?
389
What is the highest common factor of 32 and 145214?
2
What is the highest common factor of 84942 and 3951558?
702
Calculate the greatest common divisor of 22881051 and 9495.
1899
What is the highest common divisor of 4149799 and 745?
149
What is the greatest common divisor of 267000 and 402?
6
Calculate the greatest common factor of 754 and 80376777.
377
Calculate the greatest common factor of 1743572 and 692.
4
What is the greatest common divisor of 603 and 1343673?
9
What is the greatest common factor of 12876 and 662244?
348
Calculate the greatest common divisor of 110987512 and 1272.
424
Calculate the highest common divisor of 624 and 19464107.
13
Calculate the greatest common divisor of 22872 and 199680184.
7624
Calculate the highest common factor of 370672 and 5252.
4
Calculate the highest common divisor of 48 and 263431896.
24
What is the greatest common factor of 21575328 and 48?
48
What is the greatest common factor of 9169706 and 39?
13
What is the greatest common divisor of 758 and 15466?
2
Calculate the highest common divisor of 10 and 55942550.
10
Calculate the highest common factor of 52 and 1016872233.
13
What is the highest common factor of 1374660 and 62172?
36
What is the highest common factor of 83925 and 725?
25
Calculate the greatest common divisor of 6 and 51209640.
6
What is the greatest common divisor of 31440568 and 43?
43
Calculate the greatest common factor of 14283 and 36527979.
1587
Calculate the greatest common divisor of 539 and 4409951.
49
Calculate the greatest common divisor of 50446250 and 500.
250
What is the greatest common divisor of 23785 and 1038500?
335
What is the greatest common divisor of 768320 and 48056015?
12005
Calculate the greatest common factor of 18 and 52309164.
6
Calculate the highest common factor of 9536 and 354808336.
2384
What is the greatest common factor of 575 and 13869075?
25
Calculate the greatest common factor of 29892966 and 14763.
2109
What is the greatest common factor of 1413 and 61375539?
471
Calculate the highest common divisor of 106302 and 20192318.
5062
Calculate the highest common factor of 1330 and 2534714.
266
What is the greatest common factor of 282 and 1379309094?
282
Calculate the greatest common divisor of 298034050 and 94.
94
What is the highest common factor of 88703152 and 248?
248
What is the highest common factor of 30346465 and 710?
355
Calculate the highest common divisor of 13208 and 7139432.
1016
Calculate the highest common divisor of 60386 and 8175.
109
Calculate the highest common factor of 3425920 and 277720.
2120
Calculate the highest common factor of 13268970 and 280432.
2062
Calculate the greatest common divisor of 7759444 and 1947.
649
What is the greatest common divisor of 4541053 and 635371?
649
Calculate the highest common factor of 101158060 and 90.
10
What is the greatest common factor of 40160 and 2761?
251
What is the greatest common factor of 73128700 and 100?
100
What is the greatest common factor of 1443 and 11037?
39
Calculate the highest common factor of 7777 and 64757.
77
Calculate the highest common divisor of 387710804 and 104.
52
Calculate the highest common factor of 9144 and 1564191.
9
What is the highest common divisor of 7319 and 910533?
13
Calculate the highest common factor of 2001066 and 385566.
2154
Calculate the highest common divisor of 2246572 and 824093.
5249
What is the greatest common divisor of 2100 and 195265?
35
Calculate the highest common factor of 222149344 and 64.
32
What is the greatest common factor of 144 and 2242125?
9
Calculate the greatest common divisor of 38022832 and 29934.
3326
Calculate the greatest common divisor of 8235201 and 555.
111
What is the highest common divisor of 210127556 and 236?
236
Calculate the greatest common factor of 3280256 and 1568.
1568
What is the highest common divisor of 39328 and 2152?
8
What is the highest common divisor of 8136025 and 1941?
647
Calculate the highest common factor of 1847190 and 2681340.
2010
What is the highest common divisor of 39791962 and 182?
14
What is the greatest common factor of 30277 and 343213?
221
What is the highest common divisor of 39779612 and 5660?
1132
What is the highest common divisor of 522 and 9509274?
522
Calculate the greatest common factor of 148 and 48736918.
74
Calculate the greatest common factor of 432 and 3683610.
54
Calculate the highest common factor of 75 and 280775.
25
What is the greatest common divisor of 7909 and 44?
11
Calculate the highest common divisor of 13 and 11035999.
13
What is the highest common factor of 981 and 28971001?
109
What is the highest common factor of 3932133 and 7223?
31
What is the greatest common divisor of 8696 and 8846006?
2174
What is the highest common divisor of 190 and 24372700?
10
Calculate the highest common divisor of 24 and 569536776.
24
What is the highest common factor of 25832783 and 1?
1
What is the greatest common factor of 7646232 and 1047934?
5266
What is the highest common divisor of 25558540 and 280?
140
What is the highest common divisor of 15150 and 417?
3
Calculate the highest common factor of 164445886 and 2.
2
Calculate the greatest common divisor of 67 and 106199690.
67
What is the highest common divisor of 267 and 17906622?
267
Calculate the greatest common factor of 1909928 and 60613.
1237
What is the greatest common factor of 7432 and 321217543?
929
What is the highest common factor of 74627 and 78008?
49
Calculate the greatest common divisor of 507 and 757966521.
507
Calculate the greatest common divisor of 7728 and 657573.
21
Calculate the greatest common factor of 165148 and 2855852.
4028
Calculate the greatest common divisor of 20881736 and 40.
8
What is the greatest common divisor of 983 and 75017?
1
Calculate the highest common divisor of 2442 and 163109727.
1221
Calculate the greatest common divisor of 411933852 and 495.
99
What is the greatest common factor of 175 and 788431?
7
Calculate the greatest common divisor of 11486007 and 193167.
14859
Calculate the highest common factor of 146926 and 54.
2
What is the highest common divisor of 90 and 120210?
30
What is the highest common factor of 2625 and 24337250?
875
Calculate the greatest common divisor of 1848 and 4302375.
231
What is the greatest common divisor of 44317 and 243529?
13
Calculate the greatest common divisor of 64109958 and 66.
66
What is the greatest common divisor of 12570324 and 2652?
156
Calculate the highest common factor of 12348 and 3312.
36
What is the highest common divisor of 100 and 32675000?
100
What is the greatest common factor of 12632061 and 78?
39
Calculate the greatest common factor of 208 and 66223573.
13
What is the highest common factor of 61984 and 41240?
8
What is the greatest common divisor of 142212 and 390?
6
What is the greatest common factor of 48007526 and 91?
7
Calculate the highest common factor of 270 and 60141990.
30
What is the greatest common factor of 615 and 28200270?
15
Calculate the greatest common divisor of 672 and 29887032.
168
What is the greatest common divisor of 5510 and 5498511650?
5510
What is the highest common divisor of 387522 and 1098?
18
What is the highest common factor of 2 and 17800776?
2
What is the highest common divisor of 570435 and 37230?
255
Calcul